{"id":9977,"date":"2024-08-05T01:29:28","date_gmt":"2024-08-05T01:29:28","guid":{"rendered":"http:\/\/mesrecettesww.com\/livres\/?post_type=product&#038;p=9977"},"modified":"2024-08-05T01:39:41","modified_gmt":"2024-08-05T01:39:41","slug":"recettes-pour-diabetiques","status":"publish","type":"product","link":"https:\/\/mesrecettesww.com\/livres\/product\/recettes-pour-diabetiques\/","title":{"rendered":"Recettes pour Diab\u00e9tiques"},"content":{"rendered":"\t<div id=\"text-2197405717\" class=\"text\">\n\t\t\n<h3><span style=\"color: #000000;\"><span style=\"font-weight: 400;\">Plongez dans un univers culinaire r\u00e9confortant et sain avec ce livre <\/span><b>Recettes pour Diab\u00e9tiques<\/b><\/span><span style=\"font-weight: 400;\"><span style=\"color: #000000;\">.<\/span> <\/span><\/h3>\n<p>\t\t\n<style>\n#text-2197405717 {\n  text-align: center;\n}\n<\/style>\n\t<\/div>\n\t<br \/>\n<div class=\"row\"  id=\"row-1422958611\"><\/p>\n\n\t<div id=\"col-595673119\" class=\"col medium-2 small-12 large-2\"  >\n\t\t\t\t<div class=\"col-inner\"  >\n\t\t\t\n\t\t\t\n<p>\t\t<\/div>\n\t\t\t\t\t<\/div>\n\n\t<br \/>\n\n\t<div id=\"col-1919437508\" class=\"col medium-8 small-12 large-8\"  >\n\t\t\t\t<div class=\"col-inner text-center\"  >\n\t\t\t\n\t\t\t<\/p>\n<a data-animate=\"fadeInLeft\" href=\"http:\/\/mesrecettesww.com\/livres\/?add-to-cart=9977\" target=\"_self\" class=\"button alert is-shade is-larger box-shadow-4 box-shadow-5-hover\"  style=\"border-radius:10px;\">\n    <span>EXCLUSIVIT\u00c9 WEB : NON DISPONIBLE EN MAGASIN<\/span>\n  <\/a>\n\n<p>\t\t<\/div>\n\t\t\t\t\t<\/div>\n\n\t<br \/>\n\n\t<div id=\"col-203602613\" class=\"col medium-2 small-12 large-2\"  >\n\t\t\t\t<div class=\"col-inner\"  >\n\t\t\t\n\t\t\t<\/p>\n<p>\t\t<\/div>\n\t\t\t\t\t<\/div>\n\n\t<\/p>\n<p><\/div>\n<p><span style=\"color: #000000;\"><span style=\"font-weight: 400;\">Con\u00e7u sp\u00e9cifiquement pour r\u00e9pondre aux besoins des personnes atteintes de <\/span><b>diab\u00e8te de type 1<\/b><span style=\"font-weight: 400;\"> et <\/span><b>diab\u00e8te de type 2<\/b><\/span><span style=\"font-weight: 400;\"><span style=\"color: #000000;\">, ce livre de recettes est une v\u00e9ritable bible pour ceux qui cherchent \u00e0 maintenir un mode de vie \u00e9quilibr\u00e9.<\/span> <\/span><\/p>\n<div class=\"row row-collapse row-full-width align-middle\"  id=\"row-1477643144\"><\/p>\n<p>\n\t<div id=\"col-877289682\" class=\"col medium-6 small-12 large-6\"  >\n\t\t\t\t<div class=\"col-inner\" style=\"max-width:520px;\" >\n\t\t\t\n\t\t\t<\/p>\n<p><span style=\"color: #000000;\"><span style=\"font-weight: 400;\">Explorez une vari\u00e9t\u00e9 de <\/span><b>recettes antidiab\u00e8te<\/b><span style=\"font-weight: 400;\"> savoureuses et nutritives, soigneusement \u00e9labor\u00e9es pour contr\u00f4ler la glyc\u00e9mie tout en ravissant vos papilles.\u00a0<\/span><\/span><\/p>\n<p><span style=\"font-weight: 400; color: #000000;\">Chaque recette est minutieusement \u00e9quilibr\u00e9e en glucides, en fibres et en gras sains, offrant ainsi une solution d\u00e9licieuse et \u00e9quilibr\u00e9e pour vos besoins nutritionnels.\u00a0<\/span><\/p>\n<p><span style=\"font-weight: 400;\"><span style=\"color: #000000;\">Que vous cherchiez des plats principaux, des accompagnements, des desserts ou des collations, ce livre regorge d&rsquo;options d\u00e9licieuses pour chaque repas de la journ\u00e9e. De plus, les instructions claires et d\u00e9taill\u00e9es rendent la pr\u00e9paration de ces plats aussi simple que satisfaisante.<\/span> <\/span><\/p>\n<p>\t\t<\/div>\n\t\t\t\t\n<style>\n#col-877289682 > .col-inner {\n  padding: 5% 5% 5% 5%;\n}\n<\/style>\n\t<\/div>\n\n\t<br \/>\n\n\t<div id=\"col-504277457\" class=\"col medium-6 small-12 large-6\"  >\n\t\t\t\t<div class=\"col-inner\"  >\n\t\t\t\n\t\t\t<\/p>\n<p>\t<div class=\"img has-hover x md-x lg-x y md-y lg-y\" id=\"image_242246071\">\n\t\t<a class=\"\" href=\"http:\/\/mesrecettesww.com\/livres\/?add-to-cart=9977\"  >\t\t\t\t\t\t<div class=\"img-inner dark\" >\n\t\t\t<img loading=\"lazy\" decoding=\"async\" width=\"800\" height=\"800\" src=\"https:\/\/mesrecettesww.com\/livres\/wp-content\/uploads\/2024\/08\/Recettes-pour-Diabetiques-800x800.jpg\" class=\"attachment-large size-large\" alt=\"Recettes pour Diabe\u0301tiques\" srcset=\"https:\/\/mesrecettesww.com\/livres\/wp-content\/uploads\/2024\/08\/Recettes-pour-Diabetiques-800x800.jpg 800w, https:\/\/mesrecettesww.com\/livres\/wp-content\/uploads\/2024\/08\/Recettes-pour-Diabetiques-400x400.jpg 400w, https:\/\/mesrecettesww.com\/livres\/wp-content\/uploads\/2024\/08\/Recettes-pour-Diabetiques-280x280.jpg 280w, https:\/\/mesrecettesww.com\/livres\/wp-content\/uploads\/2024\/08\/Recettes-pour-Diabetiques-768x768.jpg 768w, https:\/\/mesrecettesww.com\/livres\/wp-content\/uploads\/2024\/08\/Recettes-pour-Diabetiques-300x300.jpg 300w, https:\/\/mesrecettesww.com\/livres\/wp-content\/uploads\/2024\/08\/Recettes-pour-Diabetiques-600x600.jpg 600w, https:\/\/mesrecettesww.com\/livres\/wp-content\/uploads\/2024\/08\/Recettes-pour-Diabetiques-100x100.jpg 100w, https:\/\/mesrecettesww.com\/livres\/wp-content\/uploads\/2024\/08\/Recettes-pour-Diabetiques-60x60.jpg 60w, https:\/\/mesrecettesww.com\/livres\/wp-content\/uploads\/2024\/08\/Recettes-pour-Diabetiques-90x90.jpg 90w, https:\/\/mesrecettesww.com\/livres\/wp-content\/uploads\/2024\/08\/Recettes-pour-Diabetiques.jpg 1500w\" sizes=\"auto, (max-width: 800px) 100vw, 800px\" \/>\t\t\t\t\t\t\n\t\t\t\t\t<\/div>\n\t\t\t\t\t\t<\/a>\t\t\n<style>\n#image_242246071 {\n  width: 100%;\n}\n<\/style>\n\t<\/div>\n\t<\/p>\n<p>\t\t<\/div>\n\t\t\t\t\t<\/div>\n\n\t<\/p>\n<p><\/div>\n<p><span style=\"color: #000000;\"><span style=\"font-weight: 400;\">Mettez fin \u00e0 la recherche fastidieuse de <\/span><b>recettes pour le diab\u00e8te<\/b><span style=\"font-weight: 400;\">, et laissez ce livre \u00eatre votre guide vers une cuisine d\u00e9licieuse et compatible avec votre sant\u00e9.\u00a0<\/span><\/span><\/p>\n<p><span style=\"color: #000000;\"><span style=\"font-weight: 400;\">Avec ce livre <\/span><b>Recettes pour Diab\u00e9tiques<\/b><span style=\"font-weight: 400;\">, d\u00e9couvrez une nouvelle fa\u00e7on de manger &#8211; savoureuse, saine et sans compromis.<\/span><\/span><\/p>\n<div class=\"is-divider divider clearfix\" style=\"max-width:0px;\"><\/div>\n<div class=\"container section-title-container\" ><h3 class=\"section-title section-title-center\"><b><\/b><span class=\"section-title-main\" >Ce que les gens disent sur ce livre<\/span><b><\/b><\/h3><\/div>\n<div class=\"row align-equal row-box-shadow-2 row-box-shadow-5-hover\"  id=\"row-1959686687\">\n\n\t<div id=\"col-2103916774\" class=\"col medium-4 small-12 large-4\"  >\n\t\t\t\t<div class=\"col-inner\"  >\n\t\t\t\n\t\t\t\n  <div class=\"icon-box testimonial-box icon-box-center text-center\">\n                <div class=\"icon-box-img testimonial-image circle\" style=\"width: 121px\">\n                      <\/div>\n                <div class=\"icon-box-text p-last-0\">\n          <div class=\"star-rating\"><span style=\"width:100%\"><strong class=\"rating\"><\/strong><\/span><\/div>  \t\t\t\t<div class=\"testimonial-text line-height-small italic test_text first-reset last-reset is-italic\">\n            <\/p>\n<p>\u00ab\u00a0J&rsquo;ai achet\u00e9 Recettes pour Diab\u00e9tiques\u00a0apr\u00e8s avoir \u00e9t\u00e9 diagnostiqu\u00e9 avec le diab\u00e8te de type 2. Ce livre a v\u00e9ritablement transform\u00e9 ma fa\u00e7on de cuisiner et de manger. Les recettes sont non seulement faciles \u00e0 suivre mais aussi d\u00e9licieuses. Chaque plat est une d\u00e9couverte qui prouve que manger sain peut aussi \u00eatre synonyme de plaisir. Un incontournable pour tous ceux qui veulent g\u00e9rer leur diab\u00e8te sans sacrifier le go\u00fbt!\u00a0\u00bb<\/p>\n<p>          <\/div>\n          <div class=\"testimonial-meta pt-half\">\n             <strong class=\"testimonial-name test_name\">Albertine Pelchat<\/strong>\n             <span class=\"testimonial-name-divider\"> \/ <\/span>             <span class=\"testimonial-company test_company\">Facebook<\/span>\n          <\/div>\n        <\/div>\n  <\/div>\n\n  \n<p>\t\t<\/div>\n\t\t\t\t\t<\/div>\n\n\t<br \/>\n\n\t<div id=\"col-2101253125\" class=\"col medium-4 small-12 large-4\"  >\n\t\t\t\t<div class=\"col-inner\"  >\n\t\t\t\n\t\t\t<\/p>\n  <div class=\"icon-box testimonial-box icon-box-center text-center\">\n                <div class=\"icon-box-img testimonial-image circle\" style=\"width: 121px\">\n                      <\/div>\n                <div class=\"icon-box-text p-last-0\">\n          <div class=\"star-rating\"><span style=\"width:100%\"><strong class=\"rating\"><\/strong><\/span><\/div>  \t\t\t\t<div class=\"testimonial-text line-height-small italic test_text first-reset last-reset is-italic\">\n            <\/p>\n<div class=\"e-box h-p2 -stacked -radius-none\">\n<p class=\"t-body h-my1\">\u00ab\u00a0En tant que d\u00e9butant dans la gestion du diab\u00e8te, trouver ce livre a \u00e9t\u00e9 une b\u00e9n\u00e9diction. Les sections d\u00e9di\u00e9es aux desserts sont mes pr\u00e9f\u00e9r\u00e9es, offrant des options sucr\u00e9es sans risque pour ma sant\u00e9. Recettes pour Diab\u00e9tiques\u00a0n&rsquo;est pas juste un livre de recettes; c&rsquo;est un guide complet qui m&rsquo;aide \u00e0 comprendre mieux mon diab\u00e8te et \u00e0 vivre une vie plus saine. Je le recommande chaudement!\u00a0\u00bb<\/p>\n<\/div>\n<p>          <\/div>\n          <div class=\"testimonial-meta pt-half\">\n             <strong class=\"testimonial-name test_name\">Bernadette Roussel<\/strong>\n             <span class=\"testimonial-name-divider\"> \/ <\/span>             <span class=\"testimonial-company test_company\">Facebook<\/span>\n          <\/div>\n        <\/div>\n  <\/div>\n\n  \n<p>\t\t<\/div>\n\t\t\t\t\t<\/div>\n\n\t<br \/>\n\n\t<div id=\"col-133291015\" class=\"col medium-4 small-12 large-4\"  >\n\t\t\t\t<div class=\"col-inner\"  >\n\t\t\t\n\t\t\t<\/p>\n  <div class=\"icon-box testimonial-box icon-box-center text-center\">\n                <div class=\"icon-box-img testimonial-image circle\" style=\"width: 121px\">\n                      <\/div>\n                <div class=\"icon-box-text p-last-0\">\n          <div class=\"star-rating\"><span style=\"width:100%\"><strong class=\"rating\"><\/strong><\/span><\/div>  \t\t\t\t<div class=\"testimonial-text line-height-small italic test_text first-reset last-reset is-italic\">\n            <\/p>\n<p>\u00ab\u00a0Ce livre est une r\u00e9v\u00e9lation pour ceux qui cherchent \u00e0 perdre du poids tout en g\u00e9rant le diab\u00e8te. Les recettes sont simples, savoureuses et surtout adapt\u00e9es \u00e0 nos besoins sp\u00e9cifiques. Depuis que j&rsquo;utilise Recettes pour Diab\u00e9tiques, je me sens mieux, mon taux de sucre est stable et je profite vraiment de chaque repas. Un excellent achat que je conseille \u00e0 tous!\u00a0\u00bb<\/p>\n<p>          <\/div>\n          <div class=\"testimonial-meta pt-half\">\n             <strong class=\"testimonial-name test_name\">Arlette Tardif<\/strong>\n             <span class=\"testimonial-name-divider\"> \/ <\/span>             <span class=\"testimonial-company test_company\">Facebook<\/span>\n          <\/div>\n        <\/div>\n  <\/div>\n\n  \n<p>\t\t<\/div>\n\t\t\t\t\t<\/div>\n\n\t<\/p>\n<p>\n<style>\n#row-1959686687 > .col > .col-inner {\n  padding: 30px 30px 30px 30px;\n}\n<\/style>\n<\/div><br \/>\n<div class=\"row\"  id=\"row-22865300\"><\/p>\n\n\t<div id=\"col-1766647465\" class=\"col small-12 large-12\"  >\n\t\t\t\t<div class=\"col-inner text-center\"  >\n\t\t\t\n\t\t\t<\/p>\n<p><a data-animate=\"bounceIn\" href=\"http:\/\/mesrecettesww.com\/livres\/?add-to-cart=9977\" target=\"_self\" class=\"button primary is-shade is-larger box-shadow-4 box-shadow-5-hover\"  style=\"border-radius:10px;\">\n    <span>Commandez maintenant ce livre<\/span>\n  <\/a>\n<\/p>\n<p>\t\t<\/div>\n\t\t\t\t\t<\/div>\n\n\t\n<p><\/div>\n","protected":false},"excerpt":{"rendered":"<p><span style=\"color: #ed1c24;\">D\u00e9couvrez votre livre de recettes pour diab\u00e9tiques essentiel pour tous, adapt\u00e9es au diab\u00e8te de type 1 et 2.<\/span><\/p>\n","protected":false},"featured_media":9978,"comment_status":"closed","ping_status":"closed","template":"","meta":{"_iconic_wsb_product_page_order_bump_ids":[[316,5787]],"_sku":[],"_iconic_wsb_product_page_bump_modal_ids":[[]]},"product_brand":[],"product_cat":[70],"product_tag":[],"class_list":{"0":"post-9977","1":"product","2":"type-product","3":"status-publish","4":"has-post-thumbnail","6":"product_cat-livres-weight-watchers","8":"first","9":"instock","10":"sale","11":"downloadable","12":"virtual","13":"sold-individually","14":"taxable","15":"purchasable","16":"product-type-simple"},"_links":{"self":[{"href":"https:\/\/mesrecettesww.com\/livres\/wp-json\/wp\/v2\/product\/9977","targetHints":{"allow":["GET"]}}],"collection":[{"href":"https:\/\/mesrecettesww.com\/livres\/wp-json\/wp\/v2\/product"}],"about":[{"href":"https:\/\/mesrecettesww.com\/livres\/wp-json\/wp\/v2\/types\/product"}],"replies":[{"embeddable":true,"href":"https:\/\/mesrecettesww.com\/livres\/wp-json\/wp\/v2\/comments?post=9977"}],"wp:featuredmedia":[{"embeddable":true,"href":"https:\/\/mesrecettesww.com\/livres\/wp-json\/wp\/v2\/media\/9978"}],"wp:attachment":[{"href":"https:\/\/mesrecettesww.com\/livres\/wp-json\/wp\/v2\/media?parent=9977"}],"wp:term":[{"taxonomy":"product_brand","embeddable":true,"href":"https:\/\/mesrecettesww.com\/livres\/wp-json\/wp\/v2\/product_brand?post=9977"},{"taxonomy":"product_cat","embeddable":true,"href":"https:\/\/mesrecettesww.com\/livres\/wp-json\/wp\/v2\/product_cat?post=9977"},{"taxonomy":"product_tag","embeddable":true,"href":"https:\/\/mesrecettesww.com\/livres\/wp-json\/wp\/v2\/product_tag?post=9977"}],"curies":[{"name":"wp","href":"https:\/\/api.w.org\/{rel}","templated":true}]}}