{"id":8427,"date":"2024-05-26T23:14:43","date_gmt":"2024-05-26T23:14:43","guid":{"rendered":"http:\/\/mesrecettesww.com\/livres\/?post_type=product&#038;p=8427"},"modified":"2025-02-12T20:58:38","modified_gmt":"2025-02-12T20:58:38","slug":"recettes-ww-avec-magimix","status":"publish","type":"product","link":"https:\/\/mesrecettesww.com\/livres\/product\/recettes-ww-avec-magimix\/","title":{"rendered":"Recettes WW avec Magimix"},"content":{"rendered":"<div class=\"row\"  id=\"row-823700064\"><\/p>\n<p>\n\t<div id=\"col-1111525413\" class=\"col medium-2 small-12 large-2\"  >\n\t\t\t\t<div class=\"col-inner\"  >\n\t\t\t\n\t\t\t<\/p>\n<p>\t\t<\/div>\n\t\t\t\t\t<\/div>\n\n\t<br \/>\n\n\t<div id=\"col-1681176466\" class=\"col medium-8 small-12 large-8\"  >\n\t\t\t\t<div class=\"col-inner text-center\"  >\n\t\t\t\n\t\t\t<\/p>\n<p><a data-animate=\"fadeInLeft\" href=\"http:\/\/mesrecettesww.com\/livres\/?add-to-cart=8427\" target=\"_self\" class=\"button alert is-shade is-larger box-shadow-4 box-shadow-5-hover\"  style=\"border-radius:10px;\">\n    <span>EXCLUSIVIT\u00c9 WEB : NON DISPONIBLE EN MAGASIN<\/span>\n  <\/a>\n<\/p>\n<p>\t\t<\/div>\n\t\t\t\t\t<\/div>\n\n\t<br \/>\n\n\t<div id=\"col-1142802911\" class=\"col medium-2 small-12 large-2\"  >\n\t\t\t\t<div class=\"col-inner\"  >\n\t\t\t\n\t\t\t<\/p>\n<p>\t\t<\/div>\n\t\t\t\t\t<\/div>\n\n\t<\/p>\n<p><\/div>\n<h3><span style=\"color: #ed1c24;\"><strong>Cuisinez sainement et d\u00e9licieusement!<\/strong><\/span><\/h3>\n<p><span style=\"color: #000000;\"><b>Recettes Weight Watchers avec Magimix est le compagnon id\u00e9al pour ceux qui souhaitent allier plaisir culinaire et alimentation \u00e9quilibr\u00e9e<\/b><span style=\"font-weight: 400;\">. Ce livre recettes Magimix Cook Expert vous guide \u00e0 travers une vari\u00e9t\u00e9 de plats savoureux et sains, adapt\u00e9s \u00e0 tous les jours.<\/span><\/span><\/p>\n<p><span style=\"font-weight: 400; color: #000000;\">Dans ce livre, vous trouverez des recettes Weight Watchers avec Magimix con\u00e7ues pour vous aider \u00e0 maintenir une alimentation \u00e9quilibr\u00e9e sans compromettre le go\u00fbt. Chaque recette a \u00e9t\u00e9 soigneusement \u00e9labor\u00e9e pour maximiser les saveurs tout en minimisant les calories, parfait pour ceux qui cherchent \u00e0 contr\u00f4ler leur poids.<\/span><\/p>\n<div class=\"row row-collapse row-full-width align-middle\"  id=\"row-1797208583\"><\/p>\n<p>\n\t<div id=\"col-1299828726\" class=\"col medium-6 small-12 large-6\"  >\n\t\t\t\t<div class=\"col-inner\" style=\"max-width:520px;\" >\n\t\t\t\n\t\t\t<\/p>\n<h3><span style=\"color: #ed1c24;\">Recettes healthy au Cook Expert Magimix<\/span><\/h3>\n<p><span style=\"color: #000000;\"><b>Nos recettes healthy au Cook Expert Magimix mettent en avant des ingr\u00e9dients frais et nutritifs, garantissant que chaque plat est aussi bon pour votre sant\u00e9 que pour vos papilles. <\/b><span style=\"font-weight: 400;\">Gr\u00e2ce \u00e0 des instructions claires et d\u00e9taill\u00e9es, m\u00eame les d\u00e9butants en cuisine pourront r\u00e9aliser des repas d\u00e9licieux et sains.<\/span><\/span><\/p>\n<p><span style=\"color: #000000;\"><b>En plus de proposer des recettes cr\u00e9atives au quotidien, ce livre vous offre des astuces et des conseils pour optimiser l&rsquo;utilisation de votre Cook Expert. <\/b><span style=\"font-weight: 400;\">Que vous soyez \u00e0 la recherche de nouveaux plats pour le d\u00e9jeuner, le d\u00eener ou des desserts l\u00e9gers, ce livre recette Magimix a tout ce qu&rsquo;il vous faut.<\/span><\/span><\/p>\n<p>\t\t<\/div>\n\t\t\t\t\n<style>\n#col-1299828726 > .col-inner {\n  padding: 5% 5% 5% 5%;\n}\n<\/style>\n\t<\/div>\n\n\t<br \/>\n\n\t<div id=\"col-252133178\" class=\"col medium-6 small-12 large-6\"  >\n\t\t\t\t<div class=\"col-inner\"  >\n\t\t\t\n\t\t\t<\/p>\n<p>\t<div class=\"img has-hover x md-x lg-x y md-y lg-y\" id=\"image_1775110450\">\n\t\t\t\t\t\t\t\t<div class=\"img-inner dark\" >\n\t\t\t<img loading=\"lazy\" decoding=\"async\" width=\"800\" height=\"800\" src=\"https:\/\/mesrecettesww.com\/livres\/wp-content\/uploads\/2024\/05\/Recettes-WW-avec-Magimix-800x800.jpg\" class=\"attachment-large size-large\" alt=\"Recettes WW avec Magimix\" srcset=\"https:\/\/mesrecettesww.com\/livres\/wp-content\/uploads\/2024\/05\/Recettes-WW-avec-Magimix-800x800.jpg 800w, https:\/\/mesrecettesww.com\/livres\/wp-content\/uploads\/2024\/05\/Recettes-WW-avec-Magimix-400x400.jpg 400w, https:\/\/mesrecettesww.com\/livres\/wp-content\/uploads\/2024\/05\/Recettes-WW-avec-Magimix-280x280.jpg 280w, https:\/\/mesrecettesww.com\/livres\/wp-content\/uploads\/2024\/05\/Recettes-WW-avec-Magimix-768x768.jpg 768w, https:\/\/mesrecettesww.com\/livres\/wp-content\/uploads\/2024\/05\/Recettes-WW-avec-Magimix-1536x1536.jpg 1536w, https:\/\/mesrecettesww.com\/livres\/wp-content\/uploads\/2024\/05\/Recettes-WW-avec-Magimix-2048x2048.jpg 2048w, https:\/\/mesrecettesww.com\/livres\/wp-content\/uploads\/2024\/05\/Recettes-WW-avec-Magimix-300x300.jpg 300w, https:\/\/mesrecettesww.com\/livres\/wp-content\/uploads\/2024\/05\/Recettes-WW-avec-Magimix-600x600.jpg 600w, https:\/\/mesrecettesww.com\/livres\/wp-content\/uploads\/2024\/05\/Recettes-WW-avec-Magimix-100x100.jpg 100w, https:\/\/mesrecettesww.com\/livres\/wp-content\/uploads\/2024\/05\/Recettes-WW-avec-Magimix-60x60.jpg 60w, https:\/\/mesrecettesww.com\/livres\/wp-content\/uploads\/2024\/05\/Recettes-WW-avec-Magimix-90x90.jpg 90w\" sizes=\"auto, (max-width: 800px) 100vw, 800px\" \/>\t\t\t\t\t\t\n\t\t\t\t\t<\/div>\n\t\t\t\t\t\t\t\t\n<style>\n#image_1775110450 {\n  width: 100%;\n}\n<\/style>\n\t<\/div>\n\t<\/p>\n<p>\t\t<\/div>\n\t\t\t\t\t<\/div>\n\n\t<\/p>\n<p><\/div>\n<p><span style=\"color: #000000;\"><b>Offrez-vous le plaisir de cuisiner avec Recettes Weight Watchers avec Magimix et d\u00e9couvrez comment il est facile de pr\u00e9parer des repas gourmands et l\u00e9gers<\/b><span style=\"font-weight: 400;\"> pour toute la famille. Transformez votre fa\u00e7on de cuisiner et profitez de chaque bouch\u00e9e sans culpabilit\u00e9.<\/span><\/span><\/p>\n<div class=\"is-divider divider clearfix\" style=\"max-width:0px;\"><\/div>\n<div class=\"container section-title-container\" ><h3 class=\"section-title section-title-center\"><b><\/b><span class=\"section-title-main\" >Ce que les gens disent sur ce livre<\/span><b><\/b><\/h3><\/div>\n<div class=\"row align-equal row-box-shadow-2 row-box-shadow-5-hover\"  id=\"row-920673443\">\n\n\t<div id=\"col-1602483416\" class=\"col medium-4 small-12 large-4\"  >\n\t\t\t\t<div class=\"col-inner\"  >\n\t\t\t\n\t\t\t\n  <div class=\"icon-box testimonial-box icon-box-center text-center\">\n                <div class=\"icon-box-img testimonial-image circle\" style=\"width: 121px\">\n                      <\/div>\n                <div class=\"icon-box-text p-last-0\">\n          <div class=\"star-rating\"><span style=\"width:100%\"><strong class=\"rating\"><\/strong><\/span><\/div>  \t\t\t\t<div class=\"testimonial-text line-height-small italic test_text first-reset last-reset is-italic\">\n            <\/p>\n<p><span style=\"color: #000000;\">Ce livre <span style=\"font-weight: 400;\">a compl\u00e8tement transform\u00e9 ma fa\u00e7on de cuisiner ! Les recettes sont faciles \u00e0 suivre et les plats sont absolument d\u00e9licieux. J&rsquo;appr\u00e9cie particuli\u00e8rement les recettes weight watchers au Cook Expert Magimix qui m&rsquo;aident \u00e0 manger sainement sans sacrifier le go\u00fbt. Un must-have pour tous ceux qui poss\u00e8dent un Magimix.<\/span><\/span><\/p>\n<p>          <\/div>\n          <div class=\"testimonial-meta pt-half\">\n             <strong class=\"testimonial-name test_name\">Manon St-Jean<\/strong>\n             <span class=\"testimonial-name-divider\"> \/ <\/span>             <span class=\"testimonial-company test_company\">Facebook<\/span>\n          <\/div>\n        <\/div>\n  <\/div>\n\n  \n<p>\t\t<\/div>\n\t\t\t\t\t<\/div>\n\n\t<br \/>\n\n\t<div id=\"col-27307079\" class=\"col medium-4 small-12 large-4\"  >\n\t\t\t\t<div class=\"col-inner\"  >\n\t\t\t\n\t\t\t<\/p>\n  <div class=\"icon-box testimonial-box icon-box-center text-center\">\n                <div class=\"icon-box-img testimonial-image circle\" style=\"width: 121px\">\n                      <\/div>\n                <div class=\"icon-box-text p-last-0\">\n          <div class=\"star-rating\"><span style=\"width:100%\"><strong class=\"rating\"><\/strong><\/span><\/div>  \t\t\t\t<div class=\"testimonial-text line-height-small italic test_text first-reset last-reset is-italic\">\n            <\/p>\n<div class=\"e-box h-p2 -stacked -radius-none\">\n<p class=\"t-body h-my1\"><span style=\"font-weight: 400;\">Ce livre recettes ww Magimix Cook Expert est une v\u00e9ritable mine d&rsquo;or. Les recettes cr\u00e9atives au quotidien m&rsquo;ont inspir\u00e9 \u00e0 essayer de nouvelles choses en cuisine. Chaque plat que j&rsquo;ai essay\u00e9 jusqu&rsquo;\u00e0 pr\u00e9sent a \u00e9t\u00e9 un succ\u00e8s total. C&rsquo;est un investissement fantastique pour toute personne souhaitant manger l\u00e9ger tout en profitant de plats savoureux.<\/span><\/p>\n<\/div>\n<p>          <\/div>\n          <div class=\"testimonial-meta pt-half\">\n             <strong class=\"testimonial-name test_name\">Bernadette Caron<\/strong>\n             <span class=\"testimonial-name-divider\"> \/ <\/span>             <span class=\"testimonial-company test_company\">Facebook<\/span>\n          <\/div>\n        <\/div>\n  <\/div>\n\n  \n<p>\t\t<\/div>\n\t\t\t\t\t<\/div>\n\n\t<br \/>\n\n\t<div id=\"col-128777512\" class=\"col medium-4 small-12 large-4\"  >\n\t\t\t\t<div class=\"col-inner\"  >\n\t\t\t\n\t\t\t<\/p>\n  <div class=\"icon-box testimonial-box icon-box-center text-center\">\n                <div class=\"icon-box-img testimonial-image circle\" style=\"width: 121px\">\n                      <\/div>\n                <div class=\"icon-box-text p-last-0\">\n          <div class=\"star-rating\"><span style=\"width:100%\"><strong class=\"rating\"><\/strong><\/span><\/div>  \t\t\t\t<div class=\"testimonial-text line-height-small italic test_text first-reset last-reset is-italic\">\n            <\/p>\n<p><span style=\"font-weight: 400;\">Je suis ravi de mon achat ! Recettes Weight Watchers au Magimix propose des id\u00e9es de repas vari\u00e9es et \u00e9quilibr\u00e9es. Les instructions sont claires et pr\u00e9cises, ce qui rend la cuisine facile et agr\u00e9able. Ce livre recette Magimix est devenu mon compagnon quotidien pour des repas sains et gourmands. Je le recommande vivement \u00e0 tous les amateurs de cuisine l\u00e9g\u00e8re.<\/span><\/p>\n<p>          <\/div>\n          <div class=\"testimonial-meta pt-half\">\n             <strong class=\"testimonial-name test_name\">Zo\u00e9 Couturier<\/strong>\n             <span class=\"testimonial-name-divider\"> \/ <\/span>             <span class=\"testimonial-company test_company\">Facebook<\/span>\n          <\/div>\n        <\/div>\n  <\/div>\n\n  \n<p>\t\t<\/div>\n\t\t\t\t\t<\/div>\n\n\t<\/p>\n<p>\n<style>\n#row-920673443 > .col > .col-inner {\n  padding: 30px 30px 30px 30px;\n}\n<\/style>\n<\/div><br \/>\n<div class=\"row\"  id=\"row-52484655\"><\/p>\n\n\t<div id=\"col-643145639\" class=\"col small-12 large-12\"  >\n\t\t\t\t<div class=\"col-inner text-center\"  >\n\t\t\t\n\t\t\t<\/p>\n<p><a data-animate=\"bounceIn\" href=\"http:\/\/mesrecettesww.com\/livres\/?add-to-cart=8427\" target=\"_self\" class=\"button primary is-shade is-larger box-shadow-4 box-shadow-5-hover\"  style=\"border-radius:10px;\">\n    <span>Commandez maintenant ce livre<\/span>\n  <\/a>\n<\/p>\n<p>\t\t<\/div>\n\t\t\t\t\t<\/div>\n\n\t\n<p><\/div>\n<p data-start=\"0\" data-end=\"211\"><strong data-start=\"0\" data-end=\"22\">Mentions l\u00e9gales :<\/strong> Ce livre est une publication ind\u00e9pendante et n\u2019est en aucun cas affili\u00e9 au groupe Weight Watchers\u00ae. <strong data-start=\"123\" data-end=\"143\">Weight Watchers\u00ae<\/strong> est une marque d\u00e9pos\u00e9e de <strong data-start=\"170\" data-end=\"209\">Weight Watchers International, Inc.<\/strong><\/p>\n<p data-start=\"213\" data-end=\"450\" data-is-last-node=\"\">Les recettes pr\u00e9sent\u00e9es dans cet ouvrage ne sont ni contr\u00f4l\u00e9es, ni approuv\u00e9es, ni recommand\u00e9es par Weight Watchers\u00ae ou par tout autre groupe. Ce livre ne r\u00e9alise aucune d\u00e9monstration, promotion, achat ou vente au nom d\u2019une entit\u00e9 tierce.<\/p>\n","protected":false},"excerpt":{"rendered":"<p><span style=\"color: #ed1c24;\">Recettes WW avec Magimix est le compagnon id\u00e9al pour ceux qui souhaitent allier plaisir culinaire et alimentation \u00e9quilibr\u00e9e.<\/span><\/p>\n","protected":false},"featured_media":8429,"comment_status":"closed","ping_status":"closed","template":"","meta":{"_iconic_wsb_product_page_order_bump_ids":[[316,5787]],"_sku":[],"_iconic_wsb_product_page_bump_modal_ids":[[]]},"product_brand":[],"product_cat":[70],"product_tag":[],"class_list":{"0":"post-8427","1":"product","2":"type-product","3":"status-publish","4":"has-post-thumbnail","6":"product_cat-livres-weight-watchers","8":"first","9":"instock","10":"sale","11":"downloadable","12":"virtual","13":"sold-individually","14":"taxable","15":"purchasable","16":"product-type-simple"},"_links":{"self":[{"href":"https:\/\/mesrecettesww.com\/livres\/wp-json\/wp\/v2\/product\/8427","targetHints":{"allow":["GET"]}}],"collection":[{"href":"https:\/\/mesrecettesww.com\/livres\/wp-json\/wp\/v2\/product"}],"about":[{"href":"https:\/\/mesrecettesww.com\/livres\/wp-json\/wp\/v2\/types\/product"}],"replies":[{"embeddable":true,"href":"https:\/\/mesrecettesww.com\/livres\/wp-json\/wp\/v2\/comments?post=8427"}],"wp:featuredmedia":[{"embeddable":true,"href":"https:\/\/mesrecettesww.com\/livres\/wp-json\/wp\/v2\/media\/8429"}],"wp:attachment":[{"href":"https:\/\/mesrecettesww.com\/livres\/wp-json\/wp\/v2\/media?parent=8427"}],"wp:term":[{"taxonomy":"product_brand","embeddable":true,"href":"https:\/\/mesrecettesww.com\/livres\/wp-json\/wp\/v2\/product_brand?post=8427"},{"taxonomy":"product_cat","embeddable":true,"href":"https:\/\/mesrecettesww.com\/livres\/wp-json\/wp\/v2\/product_cat?post=8427"},{"taxonomy":"product_tag","embeddable":true,"href":"https:\/\/mesrecettesww.com\/livres\/wp-json\/wp\/v2\/product_tag?post=8427"}],"curies":[{"name":"wp","href":"https:\/\/api.w.org\/{rel}","templated":true}]}}