{"id":8341,"date":"2024-05-22T23:55:15","date_gmt":"2024-05-22T23:55:15","guid":{"rendered":"http:\/\/mesrecettesww.com\/livres\/?post_type=product&#038;p=8341"},"modified":"2024-05-23T01:03:06","modified_gmt":"2024-05-23T01:03:06","slug":"recettes-ig-bas-au-cookeo","status":"publish","type":"product","link":"https:\/\/mesrecettesww.com\/livres\/product\/recettes-ig-bas-au-cookeo\/","title":{"rendered":"Recettes IG Bas au Cookeo"},"content":{"rendered":"<div class=\"row\"  id=\"row-239813760\"><\/p>\n<p>\n\t<div id=\"col-2130161717\" class=\"col medium-2 small-12 large-2\"  >\n\t\t\t\t<div class=\"col-inner\"  >\n\t\t\t\n\t\t\t<\/p>\n<p>\t\t<\/div>\n\t\t\t\t\t<\/div>\n\n\t<br \/>\n\n\t<div id=\"col-366301738\" class=\"col medium-8 small-12 large-8\"  >\n\t\t\t\t<div class=\"col-inner text-center\"  >\n\t\t\t\n\t\t\t<\/p>\n<p><a data-animate=\"fadeInLeft\" href=\"http:\/\/mesrecettesww.com\/livres\/?add-to-cart=8341\" target=\"_self\" class=\"button alert is-shade is-larger box-shadow-4 box-shadow-5-hover\"  style=\"border-radius:10px;\">\n    <span>EXCLUSIVIT\u00c9 WEB : NON DISPONIBLE EN MAGASIN<\/span>\n  <\/a>\n<\/p>\n<p>\t\t<\/div>\n\t\t\t\t\t<\/div>\n\n\t<br \/>\n\n\t<div id=\"col-1229023447\" class=\"col medium-2 small-12 large-2\"  >\n\t\t\t\t<div class=\"col-inner\"  >\n\t\t\t\n\t\t\t<\/p>\n<p>\t\t<\/div>\n\t\t\t\t\t<\/div>\n\n\t<\/p>\n<p><\/div>\n<h3><span style=\"color: #00a859;\">Pr\u00e9parez-vous \u00e0 \u00e9pater vos papilles tout en prenant soin de votre sant\u00e9.<\/span><\/h3>\n<p><span style=\"color: #000000;\"><span style=\"font-weight: 400;\">D\u00e9couvrez un tr\u00e9sor de saveurs saines et \u00e9quilibr\u00e9es avec \u00ab\u00a0Recettes IG bas au Cookeo\u00a0\u00bb. Ce livre r\u00e9volutionnaire offre une pl\u00e9thore d&rsquo;options d\u00e9licieuses et faciles \u00e0 pr\u00e9parer pour ceux qui suivent un<\/span><b> r\u00e9gime \u00e0 IG Bas<\/b><span style=\"font-weight: 400;\">.\u00a0<\/span><\/span><\/p>\n<p><span style=\"font-weight: 400; color: #000000;\">Avec une vari\u00e9t\u00e9 d&rsquo;options pour le Cookeo, simplifiez la cuisine \u00e0 IG Bas et cr\u00e9ez des repas nutritifs sans tracas.\u00a0<\/span><\/p>\n<p><span style=\"font-weight: 400; color: #000000;\">Explorez une multitude de recettes app\u00e9tissantes con\u00e7ues sp\u00e9cialement pour ceux qui recherchent une alimentation saine et \u00e9quilibr\u00e9e.\u00a0<\/span><\/p>\n<p><span style=\"color: #000000;\"><span style=\"font-weight: 400;\">Que vous soyez novice ou expert en <\/span><b>cuisine \u00e0 IG Bas<\/b><span style=\"font-weight: 400;\">, ce livre vous guide \u00e0 chaque \u00e9tape, en fournissant des instructions claires et des astuces pr\u00e9cieuses.\u00a0<\/span><\/span><\/p>\n<p><span style=\"color: #000000;\"><span style=\"font-weight: 400;\">Avec ce livre <\/span><b>Recettes IG bas au Cookeo<\/b><span style=\"font-weight: 400;\">, transformez votre alimentation sans sacrifier le go\u00fbt ni la commodit\u00e9.\u00a0<\/span><\/span><\/p>\n<div class=\"row row-collapse row-full-width align-middle\"  id=\"row-252372698\"><\/p>\n<p>\n\t<div id=\"col-211389865\" class=\"col medium-6 small-12 large-6\"  >\n\t\t\t\t<div class=\"col-inner\" style=\"max-width:520px;\" >\n\t\t\t\n\t\t\t<\/p>\n<h3><span style=\"color: #00a859;\">Mes recettes \u00e0 IG Bas<\/span><\/h3>\n<p><span style=\"font-weight: 400;\"><span style=\"color: #000000;\">Plongez dans un monde de saveurs all\u00e9chantes, de repas nutritifs et de simplicit\u00e9 culinaire avec ce livre indispensable pour tout amateur de cuisine IG Bas.<\/span><\/span><\/p>\n<p><span style=\"font-weight: 400; color: #000000;\">Des recettes saines et rapides, Parfait pour un r\u00e9gime \u00e9quilibr\u00e9 \u2026 Cuisine IG Bas simplifi\u00e9e.<\/span><\/p>\n<p>\t\t<\/div>\n\t\t\t\t\n<style>\n#col-211389865 > .col-inner {\n  padding: 5% 5% 5% 5%;\n}\n<\/style>\n\t<\/div>\n\n\t<br \/>\n\n\t<div id=\"col-1974569321\" class=\"col medium-6 small-12 large-6\"  >\n\t\t\t\t<div class=\"col-inner\"  >\n\t\t\t\n\t\t\t<\/p>\n<p>\t<div class=\"img has-hover x md-x lg-x y md-y lg-y\" id=\"image_539417002\">\n\t\t\t\t\t\t\t\t<div class=\"img-inner dark\" >\n\t\t\t<img loading=\"lazy\" decoding=\"async\" width=\"800\" height=\"800\" src=\"https:\/\/mesrecettesww.com\/livres\/wp-content\/uploads\/2024\/05\/Recettes-IG-bas-au-Cookeo-800x800.jpg\" class=\"attachment-large size-large\" alt=\"Recettes IG bas au Cookeo\" srcset=\"https:\/\/mesrecettesww.com\/livres\/wp-content\/uploads\/2024\/05\/Recettes-IG-bas-au-Cookeo-800x800.jpg 800w, https:\/\/mesrecettesww.com\/livres\/wp-content\/uploads\/2024\/05\/Recettes-IG-bas-au-Cookeo-400x400.jpg 400w, https:\/\/mesrecettesww.com\/livres\/wp-content\/uploads\/2024\/05\/Recettes-IG-bas-au-Cookeo-280x280.jpg 280w, https:\/\/mesrecettesww.com\/livres\/wp-content\/uploads\/2024\/05\/Recettes-IG-bas-au-Cookeo-768x768.jpg 768w, https:\/\/mesrecettesww.com\/livres\/wp-content\/uploads\/2024\/05\/Recettes-IG-bas-au-Cookeo-300x300.jpg 300w, https:\/\/mesrecettesww.com\/livres\/wp-content\/uploads\/2024\/05\/Recettes-IG-bas-au-Cookeo-600x600.jpg 600w, https:\/\/mesrecettesww.com\/livres\/wp-content\/uploads\/2024\/05\/Recettes-IG-bas-au-Cookeo-100x100.jpg 100w, https:\/\/mesrecettesww.com\/livres\/wp-content\/uploads\/2024\/05\/Recettes-IG-bas-au-Cookeo-60x60.jpg 60w, https:\/\/mesrecettesww.com\/livres\/wp-content\/uploads\/2024\/05\/Recettes-IG-bas-au-Cookeo-90x90.jpg 90w, https:\/\/mesrecettesww.com\/livres\/wp-content\/uploads\/2024\/05\/Recettes-IG-bas-au-Cookeo.jpg 1500w\" sizes=\"auto, (max-width: 800px) 100vw, 800px\" \/>\t\t\t\t\t\t\n\t\t\t\t\t<\/div>\n\t\t\t\t\t\t\t\t\n<style>\n#image_539417002 {\n  width: 100%;\n}\n<\/style>\n\t<\/div>\n\t<\/p>\n<p>\t\t<\/div>\n\t\t\t\t\t<\/div>\n\n\t<\/p>\n<p><\/div>\n<blockquote><p><span style=\"font-weight: 400; color: #000000;\">Con\u00e7u pour r\u00e9pondre aux besoins des adeptes de l&rsquo;alimentation IG Bas, <strong>ce livre est votre compagnon ultime dans la cuisine.\u00a0<\/strong><\/span><\/p><\/blockquote>\n<div class=\"is-divider divider clearfix\" style=\"max-width:0px;\"><\/div>\n<div class=\"container section-title-container\" ><h3 class=\"section-title section-title-center\"><b><\/b><span class=\"section-title-main\" >Ce que les gens disent sur ce livre<\/span><b><\/b><\/h3><\/div>\n<div class=\"row align-equal row-box-shadow-2 row-box-shadow-5-hover\"  id=\"row-1616125261\">\n\n\t<div id=\"col-1516915772\" class=\"col medium-4 small-12 large-4\"  >\n\t\t\t\t<div class=\"col-inner\"  >\n\t\t\t\n\t\t\t\n  <div class=\"icon-box testimonial-box icon-box-center text-center\">\n                <div class=\"icon-box-img testimonial-image circle\" style=\"width: 121px\">\n                      <\/div>\n                <div class=\"icon-box-text p-last-0\">\n          <div class=\"star-rating\"><span style=\"width:100%\"><strong class=\"rating\"><\/strong><\/span><\/div>  \t\t\t\t<div class=\"testimonial-text line-height-small italic test_text first-reset last-reset is-italic\">\n            <\/p>\n<p>J&rsquo;ai ador\u00e9 &lsquo;Recettes IG bas au Cookeo&rsquo; ! Ce livre a compl\u00e8tement transform\u00e9 ma mani\u00e8re de cuisiner. Les recettes sont non seulement d\u00e9licieuses mais aussi faciles \u00e0 suivre. En suivant ces recettes, j&rsquo;ai pu maintenir un r\u00e9gime \u00e9quilibr\u00e9 sans me priver de bons petits plats. Je recommande vivement ce livre \u00e0 tous ceux qui cherchent \u00e0 adopter une alimentation saine avec le Cookeo.<\/p>\n<p>          <\/div>\n          <div class=\"testimonial-meta pt-half\">\n             <strong class=\"testimonial-name test_name\">Pascaline Plourde<\/strong>\n             <span class=\"testimonial-name-divider\"> \/ <\/span>             <span class=\"testimonial-company test_company\">Facebook<\/span>\n          <\/div>\n        <\/div>\n  <\/div>\n\n  \n<p>\t\t<\/div>\n\t\t\t\t\t<\/div>\n\n\t<br \/>\n\n\t<div id=\"col-1959626710\" class=\"col medium-4 small-12 large-4\"  >\n\t\t\t\t<div class=\"col-inner\"  >\n\t\t\t\n\t\t\t<\/p>\n  <div class=\"icon-box testimonial-box icon-box-center text-center\">\n                <div class=\"icon-box-img testimonial-image circle\" style=\"width: 121px\">\n                      <\/div>\n                <div class=\"icon-box-text p-last-0\">\n          <div class=\"star-rating\"><span style=\"width:100%\"><strong class=\"rating\"><\/strong><\/span><\/div>  \t\t\t\t<div class=\"testimonial-text line-height-small italic test_text first-reset last-reset is-italic\">\n            <\/p>\n<div class=\"e-box h-p2 -stacked -radius-none\">\n<p class=\"t-body h-my1\">Ce livre est un v\u00e9ritable tr\u00e9sor pour tous les adeptes de la cuisine IG Bas. Les recettes sont vari\u00e9es et tr\u00e8s bien expliqu\u00e9es, ce qui rend la pr\u00e9paration des repas un jeu d&rsquo;enfant. &lsquo;Recettes IG bas au Cookeo&rsquo; m&rsquo;a permis de d\u00e9couvrir de nouvelles saveurs tout en respectant mon r\u00e9gime alimentaire. Je suis ravie de cet achat et je l&rsquo;utilise presque tous les jours !<\/p>\n<\/div>\n<p>          <\/div>\n          <div class=\"testimonial-meta pt-half\">\n             <strong class=\"testimonial-name test_name\">Edmee Charlebois<\/strong>\n             <span class=\"testimonial-name-divider\"> \/ <\/span>             <span class=\"testimonial-company test_company\">Facebook<\/span>\n          <\/div>\n        <\/div>\n  <\/div>\n\n  \n<p>\t\t<\/div>\n\t\t\t\t\t<\/div>\n\n\t<br \/>\n\n\t<div id=\"col-1512599805\" class=\"col medium-4 small-12 large-4\"  >\n\t\t\t\t<div class=\"col-inner\"  >\n\t\t\t\n\t\t\t<\/p>\n  <div class=\"icon-box testimonial-box icon-box-center text-center\">\n                <div class=\"icon-box-img testimonial-image circle\" style=\"width: 121px\">\n                      <\/div>\n                <div class=\"icon-box-text p-last-0\">\n          <div class=\"star-rating\"><span style=\"width:100%\"><strong class=\"rating\"><\/strong><\/span><\/div>  \t\t\t\t<div class=\"testimonial-text line-height-small italic test_text first-reset last-reset is-italic\">\n            <\/p>\n<p>Depuis que j&rsquo;ai achet\u00e9 &lsquo;Recettes IG bas au Cookeo&rsquo;, ma cuisine est devenue plus saine et plus savoureuse. Les recettes propos\u00e9es sont parfaites pour ceux qui souhaitent suivre un r\u00e9gime IG Bas sans sacrifier le plaisir de manger. Le livre est bien structur\u00e9, les instructions sont claires, et les r\u00e9sultats sont toujours d\u00e9licieux. Un incontournable pour tous les utilisateurs de Cookeo cherchant \u00e0 manger mieux.<\/p>\n<p>          <\/div>\n          <div class=\"testimonial-meta pt-half\">\n             <strong class=\"testimonial-name test_name\">Jeanne Lesage<\/strong>\n             <span class=\"testimonial-name-divider\"> \/ <\/span>             <span class=\"testimonial-company test_company\">Facebook<\/span>\n          <\/div>\n        <\/div>\n  <\/div>\n\n  \n<p>\t\t<\/div>\n\t\t\t\t\t<\/div>\n\n\t<\/p>\n<p>\n<style>\n#row-1616125261 > .col > .col-inner {\n  padding: 30px 30px 30px 30px;\n}\n<\/style>\n<\/div><br \/>\n<div class=\"row\"  id=\"row-2098665030\"><\/p>\n\n\t<div id=\"col-693132967\" class=\"col small-12 large-12\"  >\n\t\t\t\t<div class=\"col-inner text-center\"  >\n\t\t\t\n\t\t\t<\/p>\n<p><a data-animate=\"bounceIn\" href=\"http:\/\/mesrecettesww.com\/livres\/?add-to-cart=8341\" target=\"_self\" class=\"button primary is-shade is-larger box-shadow-4 box-shadow-5-hover\"  style=\"border-radius:10px;\">\n    <span>Commandez maintenant ce livre<\/span>\n  <\/a>\n<\/p>\n<p>\t\t<\/div>\n\t\t\t\t\t<\/div>\n\n\t\n<p><\/div>\n","protected":false},"excerpt":{"rendered":"<p><span style=\"color: #ed1c24;\">Des recettes saines et rapides, Parfait pour un r\u00e9gime \u00e9quilibr\u00e9 \u2026 Cuisine IG Bas au cookeo simplifi\u00e9e.<\/span><\/p>\n","protected":false},"featured_media":8343,"comment_status":"closed","ping_status":"closed","template":"","meta":{"_iconic_wsb_product_page_order_bump_ids":[[316,5787,8353]],"_sku":[],"_iconic_wsb_product_page_bump_modal_ids":[[]]},"product_brand":[],"product_cat":[70],"product_tag":[],"class_list":{"0":"post-8341","1":"product","2":"type-product","3":"status-publish","4":"has-post-thumbnail","6":"product_cat-livres-weight-watchers","8":"first","9":"instock","10":"sale","11":"downloadable","12":"virtual","13":"sold-individually","14":"taxable","15":"purchasable","16":"product-type-simple"},"_links":{"self":[{"href":"https:\/\/mesrecettesww.com\/livres\/wp-json\/wp\/v2\/product\/8341","targetHints":{"allow":["GET"]}}],"collection":[{"href":"https:\/\/mesrecettesww.com\/livres\/wp-json\/wp\/v2\/product"}],"about":[{"href":"https:\/\/mesrecettesww.com\/livres\/wp-json\/wp\/v2\/types\/product"}],"replies":[{"embeddable":true,"href":"https:\/\/mesrecettesww.com\/livres\/wp-json\/wp\/v2\/comments?post=8341"}],"wp:featuredmedia":[{"embeddable":true,"href":"https:\/\/mesrecettesww.com\/livres\/wp-json\/wp\/v2\/media\/8343"}],"wp:attachment":[{"href":"https:\/\/mesrecettesww.com\/livres\/wp-json\/wp\/v2\/media?parent=8341"}],"wp:term":[{"taxonomy":"product_brand","embeddable":true,"href":"https:\/\/mesrecettesww.com\/livres\/wp-json\/wp\/v2\/product_brand?post=8341"},{"taxonomy":"product_cat","embeddable":true,"href":"https:\/\/mesrecettesww.com\/livres\/wp-json\/wp\/v2\/product_cat?post=8341"},{"taxonomy":"product_tag","embeddable":true,"href":"https:\/\/mesrecettesww.com\/livres\/wp-json\/wp\/v2\/product_tag?post=8341"}],"curies":[{"name":"wp","href":"https:\/\/api.w.org\/{rel}","templated":true}]}}